{"id":230,"date":"2015-11-16T10:33:12","date_gmt":"2015-11-16T03:33:12","guid":{"rendered":"http:\/\/localhost\/globalexpo\/?page_id=230"},"modified":"2015-12-08T11:10:54","modified_gmt":"2015-12-08T04:10:54","slug":"su-kien","status":"publish","type":"page","link":"https:\/\/globalexpo.com.vn\/?page_id=230","title":{"rendered":"S\u1ef1 ki\u1ec7n"},"content":{"rendered":"<section class=\"wpb-content-wrapper\"><p>[vc_row][vc_column width=&#8221;1\/1&#8243;][vc_gallery type=&#8221;image_grid&#8221; interval=&#8221;3&#8243; images=&#8221;528,539,538,537,536,535,534,533,532,531,530,529&#8243; onclick=&#8221;link_image&#8221; custom_links_target=&#8221;_self&#8221; title=&#8221;L\u1ec4 KH\u1edeI C\u00d4NG NH\u00c0 M\u00c1Y G\u1ea0CH NH\u1eb8 PH\u00daC S\u01a0N&#8221; img_size=&#8221;300*183&#8243;][vc_gallery type=&#8221;image_grid&#8221; interval=&#8221;3&#8243; images=&#8221;542,543,544,545,546,547,548,549,550&#8243; onclick=&#8221;link_image&#8221; custom_links_target=&#8221;_self&#8221; title=&#8221;50 N\u0102M VI\u00caN THU\u1ed0C NG\u1eeaA THAI&#8221; img_size=&#8221;300*183&#8243;][vc_gallery type=&#8221;image_grid&#8221; interval=&#8221;3&#8243; images=&#8221;551,552,553,554,555,556,557,558,559,560,561,562&#8243; onclick=&#8221;link_image&#8221; custom_links_target=&#8221;_self&#8221; title=&#8221;TRI\u1ec2N L\u00c3M DU L\u1ecaCH Y T\u1ebe BUSAN T\u1ea0I H\u00c0 N\u1ed8I&#8221; img_size=&#8221;300*183&#8243;][vc_gallery type=&#8221;image_grid&#8221; interval=&#8221;3&#8243; images=&#8221;563,564,565,566,567,568,569,570,571,572,573,574&#8243; onclick=&#8221;link_image&#8221; custom_links_target=&#8221;_self&#8221; title=&#8221;TRI\u1ec2N L\u00c3M DU L\u1ecaCH Y T\u1ebe BUSAN T\u1ea0I TP HCM&#8221; img_size=&#8221;300*183&#8243;][vc_gallery type=&#8221;image_grid&#8221; interval=&#8221;3&#8243; images=&#8221;576,577,578,579,580,581,582,583,584&#8243; onclick=&#8221;link_image&#8221; custom_links_target=&#8221;_self&#8221; title=&#8221;H\u1ed8I TH\u1ea2O CH\u1ee6 \u0110\u1ed8NG \u1ee8NG PH\u00d3 BI\u1ec2N \u0110\u1ed4I KH\u00cd H\u1eacU T\u1ea0I TRUNG T\u00c2M H\u1ed8I NGH\u1eca QU\u1ed0C GIA&#8221; img_size=&#8221;300*183&#8243;][vc_gallery type=&#8221;image_grid&#8221; interval=&#8221;3&#8243; images=&#8221;585,586,587,588,589,590,591,592,593,594,595,596&#8243; onclick=&#8221;link_image&#8221; custom_links_target=&#8221;_self&#8221; img_size=&#8221;300*183&#8243;][vc_gallery type=&#8221;image_grid&#8221; interval=&#8221;3&#8243; images=&#8221;597,598,599,600,601,602,603,604,605,606,607,608&#8243; onclick=&#8221;link_image&#8221; custom_links_target=&#8221;_self&#8221; title=&#8221;H\u1ed8I TH\u1ea2O CH\u1ee6 \u0110\u1ed8NG \u1ee8NG PH\u00d3 BI\u1ec2N \u0110\u1ed4I KH\u00cd H\u1eacU T\u1ea0I TP HCM&#8221; img_size=&#8221;300*183&#8243;][vc_gallery type=&#8221;image_grid&#8221; interval=&#8221;3&#8243; images=&#8221;610,611,612,613,614,615,616,617,618,619,620,621&#8243; onclick=&#8221;link_image&#8221; custom_links_target=&#8221;_self&#8221; title=&#8221;H\u1ed8I NGH\u1eca QU\u00c1N TRI\u1ec6T V\u00c0 TRI\u1ec2N KHAI NGH\u1eca QUY\u1ebeT S\u1ed0 19 V\u00c0 24-NQ\/TW C\u1ee6A TW T\u1ea0I NHA TRANG&#8221; img_size=&#8221;300*183&#8243;][\/vc_column][\/vc_row]<\/p>\n<\/section>","protected":false},"excerpt":{"rendered":"<p>[vc_row][vc_column width=&#8221;1\/1&#8243;][vc_gallery type=&#8221;image_grid&#8221; interval=&#8221;3&#8243; images=&#8221;528,539,538,537,536,535,534,533,532,531,530,529&#8243; onclick=&#8221;link_image&#8221; custom_links_target=&#8221;_self&#8221; title=&#8221;L\u1ec4 KH\u1edeI C\u00d4NG NH\u00c0 M\u00c1Y G\u1ea0CH NH\u1eb8 PH\u00daC S\u01a0N&#8221; img_size=&#8221;300*183&#8243;][vc_gallery type=&#8221;image_grid&#8221; interval=&#8221;3&#8243; images=&#8221;542,543,544,545,546,547,548,549,550&#8243; onclick=&#8221;link_image&#8221; custom_links_target=&#8221;_self&#8221; title=&#8221;50 N\u0102M VI\u00caN THU\u1ed0C NG\u1eeaA THAI&#8221; img_size=&#8221;300*183&#8243;][vc_gallery type=&#8221;image_grid&#8221; interval=&#8221;3&#8243; images=&#8221;551,552,553,554,555,556,557,558,559,560,561,562&#8243; onclick=&#8221;link_image&#8221; custom_links_target=&#8221;_self&#8221; title=&#8221;TRI\u1ec2N L\u00c3M DU L\u1ecaCH Y T\u1ebe BUSAN T\u1ea0I H\u00c0 N\u1ed8I&#8221; img_size=&#8221;300*183&#8243;][vc_gallery type=&#8221;image_grid&#8221; interval=&#8221;3&#8243; images=&#8221;563,564,565,566,567,568,569,570,571,572,573,574&#8243; onclick=&#8221;link_image&#8221; custom_links_target=&#8221;_self&#8221; title=&#8221;TRI\u1ec2N L\u00c3M DU L\u1ecaCH Y<a class=\"read-more\" href=\"https:\/\/globalexpo.com.vn\/?page_id=230\">&#8230;[Read More]<\/a><\/p>\n","protected":false},"author":3,"featured_media":0,"parent":40,"menu_order":0,"comment_status":"closed","ping_status":"closed","template":"","meta":{"_acf_changed":false,"footnotes":""},"class_list":["post-230","page","type-page","status-publish","hentry"],"acf":[],"_links":{"self":[{"href":"https:\/\/globalexpo.com.vn\/index.php?rest_route=\/wp\/v2\/pages\/230","targetHints":{"allow":["GET"]}}],"collection":[{"href":"https:\/\/globalexpo.com.vn\/index.php?rest_route=\/wp\/v2\/pages"}],"about":[{"href":"https:\/\/globalexpo.com.vn\/index.php?rest_route=\/wp\/v2\/types\/page"}],"author":[{"embeddable":true,"href":"https:\/\/globalexpo.com.vn\/index.php?rest_route=\/wp\/v2\/users\/3"}],"replies":[{"embeddable":true,"href":"https:\/\/globalexpo.com.vn\/index.php?rest_route=%2Fwp%2Fv2%2Fcomments&post=230"}],"version-history":[{"count":0,"href":"https:\/\/globalexpo.com.vn\/index.php?rest_route=\/wp\/v2\/pages\/230\/revisions"}],"up":[{"embeddable":true,"href":"https:\/\/globalexpo.com.vn\/index.php?rest_route=\/wp\/v2\/pages\/40"}],"wp:attachment":[{"href":"https:\/\/globalexpo.com.vn\/index.php?rest_route=%2Fwp%2Fv2%2Fmedia&parent=230"}],"curies":[{"name":"wp","href":"https:\/\/api.w.org\/{rel}","templated":true}]}}